 q = n - w. What is the units digit of q?
4
Suppose -54 - 4 = 5*z + 4*v, z + 5 = -3*v. Let u be (-32)/z - 10/35. Suppose -c + u = -3. What is the units digit of c?
5
What is the units digit of 1/((-1)/500)*(-12)/24?
0
Suppose 0 = -0*a + a - 5. What is the units digit of a?
5
Suppose -11*r + 661 = -1187. What is the units digit of r?
8
Let d(h) = -h**2 + 11*h - 5. Let g be d(10). Suppose -i - k = -6, i + 59 = g*i - 3*k. What is the units digit of i?
1
Let x(t) = -1 + 0*t + 26*t**2 - 2*t - 11*t**2 + 4*t. What is the tens digit of x(1)?
1
What is the tens digit of (-8)/16 + 1 + 293/2?
4
Let r(s) = -s**2 - 7*s - 1. Let n(p) = -1. Let k(b) = -b**3 + 2*b + 7. Let h(u) = -k(u) - 5*n(u). Let f be h(-2). What is the units digit of r(f)?
5
Let q(r) = r - 1. Let n be q(2). Let g = -13 - -8. Let h = n - g. What is the units digit of h?
6
Let d = 457 - 284. What is the hundreds digit of d?
1
Let z(y) = -2*y + 10. Let p(n) = n**3 + 9*n**2 - 8*n + 12. Let q be p(-10). What is the tens digit of z(q)?
2
Let k = -6 + 6. Suppose j - 4*j + 81 = k. Suppose 4*z - j = 45. What is the units digit of z?
8
Suppose 64 = 2*z + 2*z. Suppose -5*s = 2*p - z, 2*p + 0*s - 16 = -2*s. What is the units digit of p?
8
Suppose -8*b - 168 = -10*b. Suppose -4*o = -b - 16. What is the tens digit of o?
2
Suppose -6 = 4*y - 110. What is the units digit of y?
6
Suppose 0 = j + j + 3*w - 115, -171 = -3*j - 5*w. What is the tens digit of j?
6
Suppose 6*s + 83 = 7*s. What is the tens digit of s?
8
Let i(r) = 2*r**2 - 16*r + 45. What is the units digit of i(9)?
3
Suppose 0 = -4*j + 19 + 813. What is the units digit of j?
8
Let i(m) be the third derivative of m**4/12 - 8*m**3/3 - 3*m**2. Let s be 1/((-42)/22 + 2). What is the units digit of i(s)?
6
Suppose 0 - 1 = -3*m - 5*u, 5*m - u - 11 = 0. Suppose -m*d = -5 - 3. Suppose 0*x + d*x - 36 = 0. What is the units digit of x?
9
Let y be 1/(-3) + (-39)/(-9). Let z = y - -13. What is the tens digit of z?
1
Let q(y) = y**2 - 19*y - 6. What is the tens digit of q(21)?
3
Let z be -1 - (-1)/((-1)/(-3)). Let l be (-12)/(-2)*z/4. Suppose -4*w + 1 + 15 = 0, l*x - 32 = -2*w. What is the units digit of x?
8
Let o = 26 - 22. Suppose o*g - 91 = -19. What is the units digit of g?
8
Let c(i) = -i**3 - i**2 + 6*i + 3. What is the units digit of c(-5)?
3
Let r(q) be the first derivative of 2 - 1/2*q**2 + 3*q. What is the units digit of r(-6)?
9
Let w = 571 - 308. What is the tens digit of w?
6
Let n(a) be the second derivative of 17*a**4/12 + a**3/6 - a. Let t be n(-1). Suppose -g + 5*g = t. What is the units digit of g?
4
Let c(r) = 7*r - 29. What is the tens digit of c(9)?
3
Let j(l) = 2*l + 9. Let q be j(-7). Let b(u) = -3*u - 1. What is the units digit of b(q)?
4
Let r be -1 - 0/((-9)/3). Let b(u) = -u**3 - 2*u**2 + 1. Let p be b(r). Suppose 3*c = 5*h - 20, 8 + p = 2*h + 4*c. What is the units digit of h?
4
Suppose 0*p - 2*b = p - 121, -2*p - 5*b = -238. What is the tens digit of p?
2
Suppose p - c - 8 = -2*p, -2*p + 2*c = -8. Suppose p*h - 5*u = 1, -2*h - u = 3*u - 10. What is the units digit of h?
3
Let u(c) = c**2 + 6*c + 12. What is the units digit of u(-9)?
9
Suppose 5*k - 235 = 285. What is the hundreds digit of k?
1
Let q(a) = a**2 - 5*a - 12. What is the tens digit of q(12)?
7
Suppose 158 = 5*o - 2. Suppose 4*w = -o + 4. Let h(p) = p + 13. What is the units digit of h(w)?
6
Suppose g = -g. Let w be 5*(3 - (-44)/20). Suppose -5*t = -2*u - w, -t + g*t + 3*u + 13 = 0. What is the units digit of t?
4
Let q = 43 + -4. What is the tens digit of q?
3
Suppose -f = 2*f - 12. Suppose -f*l - l + 175 = 0. What is the tens digit of l?
3
Let k(r) be the first derivative of r**2/2 + 52*r - 1. Let v be k(0). Suppose 4*u - 4*i - v = 0, i - 2 = u + 3*i. What is the units digit of u?
8
Let m(q) = -q**3 + 6*q**2 - 2*q + 3. What is the tens digit of m(4)?
2
Suppose -5*a + 0 = -5*u + 50, -5*u - 5*a + 30 = 0. Let j = u - 5. Let l = -1 + j. What is the units digit of l?
2
Let p(m) = 4*m - 4. What is the units digit of p(9)?
2
Suppose 3*l - 442 = 2*v, -2*l + 2*v + 233 = -61. What is the units digit of l?
8
Let z = -26 + 41. Suppose 5*w = -h - z, 0 = 5*h - 2*w + 10 - 43. What is the units digit of h?
5
Suppose -5*q + 99 = -46. Let g = q - 15. What is the tens digit of g?
1
Suppose -m = 1 - 9. What is the units digit of (m - (3 + -6)) + -3?
8
Suppose -1041 = -13*g + 1611. What is the hundreds digit of g?
2
Suppose 8 = 3*m + 2. Suppose 0*b + 32 = 4*h + 2*b, -m = -b. What is the units digit of h?
7
What is the hundreds digit of 220*3/12*2?
1
Let r(q) = -q**3 - 4*q**2 + q + 3. Let s be r(-4). Let j be ((-2)/3)/(s/9). Let f(t) = -t**3 + 7*t**2 - 7*t + 8. What is the units digit of f(j)?
2
Let c(w) = w**3 - 6*w**2 - 7*w + 2. Let n be c(6). What is the units digit of (12/10)/((-6)/n)?
8
Let b(m) = -m**3 - 5*m**2 + 4*m - 4. Let t be b(-6). Suppose -9*f = -t*f - 24. What is the units digit of f?
4
Let d(f) = f**3 - 4*f**2 - 6*f + 7. What is the units digit of d(5)?
2
Let g be 6/21 + 2/(-7). Suppose 0 = -4*u + v + 2, 3*u + v + 2 = -g*v. Let t(j) = -j**2 - j + 16. What is the tens digit of t(u)?
1
Let a(h) = h**3 - 19*h**2 + 27*h - 41. What is the units digit of a(18)?
1
Suppose 36 = m + 2*l, -4*l + 127 = 5*m - 47. What is the tens digit of m?
3
What is the tens digit of (-5)/(55/(-2)) + 1206/22?
5
Let k = -10 + 19. What is the units digit of k?
9
Suppose -2*p + 180 = 5*l, 3*p + 108 = 3*l + 2*p. What is the units digit of l?
6
Let h = -12 - -14. What is the tens digit of h - 5/((-15)/36)?
1
Let g = 6 + 3. Let h = g + 4. What is the units digit of h?
3
Let z(q) = q**2 - 10*q + 6. Let j(r) = -r**2 + 10*r - 7. Let s(y) = -6*j(y) - 5*z(y). Let k be s(8). Let l = k + 12. What is the units digit of l?
8
Suppose -3*t + 34 = -2*t. Suppose -3*k - 4*v + t = -8, 2*k - 2*v = 14. What is the units digit of k?
0
Suppose -2*x + 0*x + 17 = 3*b, -4*x - 2*b + 22 = 0. Let a be (-15)/12 + 1/x. Let j = a - -4. What is the units digit of j?
3
Let q(v) = -2*v + 12. What is the units digit of q(5)?
2
Let i = 5 + -1. Suppose 4*f - 4 = -4*l, -f - 4*l + 5 = -7*l. Let a = i - f. What is the units digit of a?
2
Let h(g) = g**2 - 2. Suppose 3 + 6 = -3*c. What is the units digit of h(c)?
7
Let r = 4 + -11. Let y(o) = -o**2 - 7*o - 4. Let m be y(r). Let v = m + 5. What is the units digit of v?
1
Suppose -2*c + 3*q = 3 + 2, 3*q - 7 = c. Suppose -2*w + 12 = c*w. What is the units digit of w?
3
Let b(c) = c + 20. What is the units digit of b(17)?
7
Let d be 1/((-9)/12)*-3. Suppose 21 - 137 = -d*i. Suppose 5 = -2*u + i. What is the tens digit of u?
1
Let v(j) = 3*j - 4. Let b be v(3). Let i(s) be the third derivative of s**6/120 - s**5/10 + 5*s**4/24 + s**3/6 + 2*s**2. What is the units digit of i(b)?
1
Let t = 3 - -1. Suppose -2*b = t*n + 9 + 3, 3*n = 4*b - 31. Suppose -9*d = -b*d - 35. What is the units digit of d?
7
Let u(g) = g**2 - 2*g - 1. Let z be u(-1). Let k(r) = 9*r + 0*r**2 + 2 + 2 + r**z. What is the units digit of k(-9)?
4
Let t = 9 + -17. Let g(l) = l**3 + 9*l**2 + 8*l + 7. Let p be g(t). Suppose 4*m = -p*i + 3*i + 8, -3*m - 12 = 0. What is the units digit of i?
6
Suppose 2*g + 1 = 3*g. Suppose -f - 112 = -5*v + g, 53 = 2*v - 3*f. What is the units digit of v?
2
Let o be -2 + (-4 + 0)/(-2). Suppose o = 5*b - x - 61, -3*x = 2*x + 5. What is the units digit of b?
2
Suppose 0 = -m + 4 + 22. What is the units digit of m?
6
Let c = 112 - 52. Suppose 0*i + i - 4*a - 2 = 0, 5*i + 5*a - c = 0. What is the units digit of i?
0
Let o = -10 - -13. Suppose -o*a = a - 184. What is the units digit of a?
6
Suppose -z + 133 = -4*z + 5*l, 3*z - 3*l + 129 = 0. What is the tens digit of (-1)/(z/(-14) + -3)?
1
Let v be 8/12 + 74/6. Suppose -5*c - v = -2*q, c + 0*q = -3*q - 6. What is the units digit of (-6)/c - (1 - 2)?
3
Let y(o) = -o**3 - 6*o**2 - 5*o + 4. Let r be y(-4). Let z = -6 - r. Suppose 0 = -2*k - z*m + 26, k + 2*k - 45 = -5*m. What is the tens digit of k?
1
What is the units digit of 2968/35 + 1/5?
5
Let g(a) = -3*a + 3. Let c be g(3). What is the units digit of (-2)/c - (-249)/9?
8
Suppose -2*b + 104 = 16. Suppose -2*h = -4*f + b, f + 4*h = 4*f - 23. What is the units digit of f?
3
What is the tens digit of ((-28)/3)/((-2)/6)?
2
Let s be ((-5)/(-3))/(5/(-315)). Let t = s + 35. What is the units digit of 4/(-22